 = -5*g. Let x be g/(-22) - (-5900)/220. Let c = x - -1. Is 6 a factor of c?
False
Suppose 0 = 3*k + 4*u + 2 - 1, -u = 4*k - 3. Let a(s) = 22*s**2 + 2*s - 2. Let y be a(k). Suppose b - y = -10. Does 12 divide b?
True
Let u(z) = -3*z - 56. Let h be u(-21). Let m be (6*(-3)/(-4))/(h/(-42)). Let s = 3 - m. Does 6 divide s?
True
Suppose 5*d = 6*y + 22599, 2*d - 9*y = -10*y + 9043. Does 9 divide d?
False
Let q be 6/9 + 209/33. Let r(l) = l**3 - 7*l**2 - 2*l + 23. Is r(q) a multiple of 9?
True
Suppose -5*n = 2*o - 22289, -8904 = -7*n + 5*n + 5*o. Is n a multiple of 107?
False
Suppose 4*i - 762 = 530. Suppose 2*s - i = 237. Is 10 a factor of s?
True
Let z = 7944 + -5372. Is 6 a factor of z?
False
Suppose 8*y - 568 = 328. Suppose -2*g - 5*l - 21 + y = 0, -3*l - 18 = -g. Is g a multiple of 2?
False
Suppose 2*w + 3*z = 7437, 4*w + 49*z = 53*z + 14844. Does 18 divide w?
False
Let i be 0/(-4*(-3)/12). Suppose 695*u - 701*u + 4740 = i. Is 13 a factor of u?
False
Let b(t) = -t**2 + 20*t - 31. Let o = -39 - -58. Let f be b(o). Is f/7*(-2 - 33) a multiple of 29?
False
Let a(w) = 64*w + 228. Let o(z) = 32*z + 113. Let c(i) = 3*a(i) - 7*o(i). Is 25 a factor of c(-26)?
True
Let x(k) = 9*k**2 - 120*k + 36. Is x(51) a multiple of 9?
True
Let u(h) = -1633*h + 345. Is u(-7) a multiple of 32?
True
Suppose -6*r + 10*r = 528. Suppose 4*q - q + w = 124, 3*q = -3*w + r. Does 9 divide q?
False
Let p(n) = 3*n**2 + n + 2. Let t be p(-5). Suppose 3*i + t = -0*i + 2*o, -6 = -2*o. Is 23 a factor of 1095/33 + 4/i?
False
Suppose 4*j - 2*m = 18, -3*j - j + 15 = m. Suppose -248 - 115 = -3*q + 5*w, -5*q = -j*w - 592. Is 5 a factor of q?
False
Suppose 4*p = -5*w + 124786, w + 2*p - 24959 = 3*p. Does 36 divide w?
False
Let d = 21913 - 12320. Is 53 a factor of d?
True
Let a(b) = -b**2 - 21*b - 27. Let v be a(-17). Suppose q + 4*n - 52 = 3*q, -q + 5*n - v = 0. Let s = 38 + q. Is s a multiple of 6?
False
Let c(j) be the first derivative of 11*j**3/3 + 18*j**2 - 360*j + 246. Does 40 divide c(10)?
False
Suppose 6*w - 54 = 7*w. Let f = -239 + 160. Let b = w - f. Is 21 a factor of b?
False
Does 23 divide 1529145/162 - ((-3)/(-12))/(39/26)?
False
Let w = -44 - -49. Suppose -x - w*u = -222, x - 2*u - 230 = -3*u. Does 8 divide x?
True
Suppose 15*w - 10 = 10*w. Let m = 6 - w. Suppose -m*l = -5*c + 124, 0*c + 5*l = c - 8. Is c a multiple of 14?
True
Let y(q) be the second derivative of -9*q**2 - 16*q + 0*q**3 + 0 - 2/3*q**4 - 1/20*q**5. Is 9 a factor of y(-9)?
True
Let j be 1/((-7)/(-84)*1). Suppose 3*y + 3 = 0, -3*h + 4504 = 8*y - j*y. Is h a multiple of 15?
True
Suppose 3*y = 6*x - 3*x - 1800, 0 = 3*x - 12. Let p = 875 + y. Does 14 divide p?
False
Suppose -r = 5*o - 43839, -20*r - 43836 = -5*o - 24*r. Is 7 a factor of o?
False
Suppose -2*s = 5*i - 361, -2*s + 3*i = -189 - 132. Is 7 a factor of 13/((11 - 3)/s)?
True
Suppose 4*u + 157096 = 12*d, -4*u - 13106 = -121*d + 120*d. Does 23 divide d?
False
Suppose 3*m - 612 = 5*u, -3*m + 101 = -4*u - 388. Let z = 424 - u. Is z a multiple of 79?
False
Let t = -473 - -560. Let z = t - -135. Is 2 a factor of z?
True
Let z(l) = -10963*l + 2555. Does 179 divide z(-3)?
False
Suppose -2*y - 28 = 24. Let l = y - -91. Let t = 1 + l. Does 22 divide t?
True
Let n = 55 - 53. Suppose 0 = -n*k + 2 - 0, 5*q - 44 = -4*k. Suppose y - 4*v = -q*v + 118, -2*v = -4. Does 6 divide y?
False
Suppose 0 = -7*l - 15*l + 44. Suppose -h + 267 = i, 2*h - 1074 = -2*h - l*i. Is 45 a factor of h?
True
Let c(a) = 307*a**2 + 7*a - 6. Let g be c(1). Suppose 4*j - t = 4*t + 1241, g = j + t. Does 18 divide j?
False
Let k(q) = -q**3 + 12*q**2 - 12*q + 13. Let b be k(11). Suppose 0 = -b*i + 5*o + 60, 3*i - 32 - 58 = -4*o. Suppose 46 + i = 4*n. Is 19 a factor of n?
True
Let a be (-2)/(-4)*(10 - -6). Suppose 4*k = 3*p + 3*k - 7, -4*p + 2*k + a = 0. Suppose 0 = 3*d + p*y - 123, 4*d - 185 = 3*y - 0*y. Is 13 a factor of d?
False
Is (-220167)/(-15) + 3/33 + 30/275 a multiple of 112?
False
Suppose 174*o = 75*o + 245421. Does 67 divide o?
True
Let f = 3999 + 2271. Is 55 a factor of f?
True
Let g = 246 + -47. Let r = g + -56. Is 9 a factor of r?
False
Let k(h) = -9*h**2 - 14*h + 20. Let o(m) = m**2 - 1. Let z(w) = -k(w) - 3*o(w). Is z(-7) a multiple of 62?
False
Let o = 49 + -48. Let q be 139*((-9)/(-9) - o*-2). Suppose -49*u + 52*u = q. Does 11 divide u?
False
Suppose 10*t - r + 48050 = 504728, -5*t + 228359 = -3*r. Is t a multiple of 21?
False
Let f(w) = 159*w**2 - 808*w + 20. Is f(12) a multiple of 20?
True
Let t(y) = -73*y + 49. Let b be t(-13). Is b/2 + (7 - 4) + 2 a multiple of 12?
True
Is (((-27720)/(-49))/4)/(3/21) a multiple of 5?
True
Let n = -11 - -26. Suppose 0 = n*k + 9*k - 1536. Is k a multiple of 4?
True
Let m = -79 + 88. Suppose -4*x + 585 = 5*w, -w + m*x = 4*x - 88. Let z = w - 28. Does 17 divide z?
True
Suppose -10*o + 15*o - 27872 = -4*d, 4*d = -4*o + 22304. Is o a multiple of 116?
True
Let f be 4 - 3/((-9)/48). Suppose -6 = 3*u, a - 2*u = f + 54. Is 32 a factor of a?
False
Let h(g) = 2*g**3 + 2*g**2 - 3*g - 3. Suppose 7*k - 16 + 2 = 0. Suppose -11 = -k*l + d, -d + 0 = 5. Is 10 a factor of h(l)?
True
Is 40524 + (2/(-5))/(82/2460) a multiple of 32?
True
Let g = -3096 + 5679. Is 19 a factor of g?
False
Let m be (-29)/(-9) - 26/117. Suppose -9*j + 7*j = -m*i + 1716, -2*j = 2*i - 1134. Does 30 divide i?
True
Let p = 29949 - -6628. Is p a multiple of 34?
False
Let y = -137 - -193. Let t be ((-39)/4)/(278/y + -5). Suppose -3*c = 3*o - t, 45 = 5*c - 3*o - 386. Is c a multiple of 13?
False
Suppose 3*p + o + 31 = 0, 3*p - 3*o + 29 = 2. Suppose 0 = -4*i - 2*f - 34, -2*f + f = 3. Let w = i - p. Is w even?
False
Suppose 14*o - 485 + 65 = 0. Let w = 5 - 1. Suppose w*j + o = 9*j. Is 6 a factor of j?
True
Suppose 224062*q = 224055*q + 61320. Is q a multiple of 10?
True
Suppose 2*f - o - 5 = 4*o, 2*f - 11 = -o. Let s = 1 - -4. Suppose -f*z + z = -u - 728, s*z = -5*u + 910. Does 25 divide z?
False
Let q = 3677 - -1107. Is 92 a factor of q?
True
Suppose 98*r + 16524 = 102*r. Suppose 0 = -14*w - 3*w + r. Is 27 a factor of w?
True
Let m = -1138 - 1481. Let l = -1586 - m. Does 80 divide l?
False
Let d(k) = 2 - 3 + 8 - 3*k**2 - k**3 - 5*k. Let i(o) = -3*o**3 - 10*o**2 - 14*o + 20. Let s(x) = -8*d(x) + 3*i(x). Is s(-7) a multiple of 24?
False
Let o = -105 + -99. Let l = -189 - o. Is 5 a factor of l?
True
Suppose -42561 + 18358 = -l + 28600. Is l a multiple of 21?
False
Suppose -2*w - 68 + 48 = 0. Let k(c) = -13*c - 5. Is k(w) a multiple of 30?
False
Let s = -410 - -708. Let m = s + -113. Does 5 divide m?
True
Suppose 65 = -207*c + 208*c. Is 20 a factor of c/(-39)*(-1 - 35)?
True
Let q(j) = -59*j - 47. Let o(c) = -c**2 + 24*c + 22. Let h be o(25). Does 13 divide q(h)?
True
Let i(s) = 182*s**2 + s + 28. Let v be i(3). Let g = -934 + v. Does 13 divide g?
False
Suppose -297 + 195 = -2*t. Suppose 2*b = -g + 11, 0 = 2*g - 10 - 0. Suppose -b*c = 2*r - t - 38, -c + 48 = -3*r. Does 7 divide c?
False
Let r = 382 - -181. Suppose -r*w = -566*w + 4068. Does 12 divide w?
True
Let w = -268 + 262. Is 1/((-2)/540*w) a multiple of 5?
True
Is (1079/(-2))/((-38)/76) even?
False
Suppose 9*l - 75773 = -16472. Is l a multiple of 11?
True
Let d be 5 - ((-47789)/105 - 4/(-30)). Let k = d + -236. Does 14 divide k?
True
Let k(y) = -5*y**3 - 18*y**2 + 70*y + 137. Is 30 a factor of k(-10)?
False
Let l = -21 - -19. Let m(z) = z**2 + 6*z + 5. Let p be m(l). Is (-468)/8*(-5 - p) a multiple of 27?
False
Suppose -32*s - 8640 = -2*h - 33*s, 6*s - 12951 = -3*h. Does 149 divide h?
True
Let v be (-10)/(-30) + 3/9*-34. Let t(u) = -4*u**2 - 22*u - 2. Let z be t(v). Does 11 divide ((-3)/3)/(1 - z/(-243))?
False
Let b(z) = z**2 - 3*z + 3. Let x be b(2). Let u(n) be the second derivative of 134*n**3/3 - 108*n - 14. Does 9 divide u(x)?
False
Let u = 81 - 91. Is u*((-25)/10 - -1) even?
False
Let y = -18 - -26. Let a be (-1)/(((-4)/(-78))/(y/(-6))). Suppose 0 = 11*v - 194 - a. Is v a multiple of 5?
True
Is (19 + -18)*11*22 a multiple of 3?
False
Let z(r) = -r**3 - 11*r**2 - 25*r - 4. Let p be z(-8). Suppose 4*t - 1561 = -5*m, 8*m + 1552 = p*t + 4*m. Is 31 a factor of t?
False
Let p(n) = -51*n + 116*n + 86*n**2 - 57*n + 2. Does 20 divide p(-3)?
False
Let n(w) = -w**3 - w**2 - w + 17. Let t(k) = 6*k - 4. Let o(d) = 7*d - 5. Let s(r) = -5*o(r) + 6